 + -1000?
224024
In base 12, what is 2253 - 6a50?
-47b9
In base 2, what is -101011 - -100000100100?
11111111001
In base 14, what is 39d7d - -b?
39d8a
In base 9, what is 0 - 5543?
-5543
In base 14, what is 1 - cd1385?
-cd1384
In base 3, what is -221211201102112 - 12?
-221211201102201
In base 13, what is -811078c + 4?
-8110788
In base 16, what is 1ef7 - -2c7?
21be
In base 13, what is 1b82c + 7?
1b836
In base 5, what is -144113 + 310141?
111023
In base 12, what is a55 + -512?
543
In base 13, what is 12c5b0 - 3?
12c5aa
In base 10, what is -535873 + 3?
-535870
In base 13, what is 26598507 + 3?
2659850a
In base 11, what is 1 + 7226a15?
7226a16
In base 2, what is 10101010010011011101000 - -10001110?
10101010010011101110110
In base 4, what is -23010 - 1010121321?
-1010210331
In base 3, what is 122011201011120 - -2?
122011201011122
In base 2, what is 11 + -10101111011011011101011?
-10101111011011011101000
In base 12, what is -18 - 1777a7?
-177803
In base 10, what is 2 - 851735?
-851733
In base 6, what is 14325 - -13034?
31403
In base 12, what is a8 + 38153?
3823b
In base 3, what is 20012100212022212 + 10?
20012100212022222
In base 16, what is -302 + -b1f?
-e21
In base 10, what is -5492 + 766?
-4726
In base 13, what is 14075746b - -4?
140757472
In base 3, what is -222201 + -1112101100?
-1120101001
In base 12, what is -5 + 6b3435b?
6b34356
In base 8, what is 2 - 30537050?
-30537046
In base 2, what is -11011111000110010111111010110 - 11?
-11011111000110010111111011001
In base 7, what is -4404131 - -1?
-4404130
In base 15, what is 3b4ba - -1a?
3b4d5
In base 2, what is 10001100101110111100110110 - -10?
10001100101110111100111000
In base 15, what is 2 - -483a09?
483a0b
In base 5, what is -2043113241 + 1?
-2043113240
In base 16, what is 7 + -567b39?
-567b32
In base 14, what is 55278bc - -6?
55278c4
In base 7, what is 6654553425 - 5?
6654553420
In base 6, what is -1030522 + 1233?
-1025245
In base 10, what is 4398 + -58087?
-53689
In base 9, what is 20417153 + -3?
20417150
In base 6, what is 310 + 141121535?
141122245
In base 10, what is -73 - -5583323?
5583250
In base 16, what is -1b037f36 - 0?
-1b037f36
In base 6, what is -4 - 513225042?
-513225050
In base 9, what is 636 + -18443?
-17706
In base 4, what is 111 + -111213231233?
-111213231122
In base 14, what is a139a7 - -10?
a139b7
In base 12, what is 1b84 - -47a3?
6767
In base 10, what is -4100 - -6060?
1960
In base 5, what is -2124314302 + 1013?
-2124313234
In base 4, what is -3 + 100111312321?
100111312312
In base 16, what is -12fff - -bf?
-12f40
In base 9, what is 104320 - -235?
104555
In base 5, what is -132011124431 + 3?
-132011124423
In base 14, what is 1729bd - 13?
1729aa
In base 15, what is 76308 + -98?
76260
In base 9, what is 8135 + -16?
8118
In base 9, what is 76360 + 887?
77357
In base 6, what is 231 - 154003?
-153332
In base 11, what is -305a360 - 2?
-305a362
In base 4, what is 11010131322 - -100?
11010132022
In base 15, what is -ac8c + -2b?
-acb8
In base 4, what is -210203123 + 1201?
-210201322
In base 11, what is 2216 + -8329?
-6113
In base 10, what is 3 - -153067545?
153067548
In base 6, what is -3343513551 - -2?
-3343513545
In base 6, what is 4004 - 4003135?
-3555131
In base 10, what is -5637064 - -1?
-5637063
In base 3, what is 111 + 10101210102022?
10101210102210
In base 14, what is -1a9b19 + 1?
-1a9b18
In base 16, what is 921aa0 + 5?
921aa5
In base 7, what is -43630464 - -31?
-43630433
In base 4, what is -10300 + -311313132?
-311330032
In base 6, what is 1 + -550205022?
-550205021
In base 3, what is -2001201210021102 - 1?
-2001201210021110
In base 6, what is -42110124 - -1010?
-42105114
In base 4, what is -13 - 11321230002310?
-11321230002323
In base 2, what is -111011101010110110001 + 0?
-111011101010110110001
In base 8, what is 3517 - 52261?
-46542
In base 6, what is 12 + -12251412434?
-12251412422
In base 8, what is -1 - -2515624?
2515623
In base 6, what is 23131153 - 14?
23131135
In base 6, what is -45222 - 23051?
-112313
In base 14, what is -16 + -13333c7?
-13333dd
In base 5, what is 1 - 12434303122?
-12434303121
In base 15, what is 10 - 35a92?
-35a82
In base 3, what is 210 + -20110202122?
-20110201212
In base 5, what is 11200 + 14012203?
14023403
In base 10, what is 136 - -79274?
79410
In base 13, what is 96b - -14661?
152cc
In base 10, what is 8232 - -18165?
26397
In base 15, what is -2 + -1d46b3e?
-1d46b41
In base 4, what is 20301210 - -2230?
20310100
In base 10, what is 14488 + 616?
15104
In base 8, what is 53765676 - -3?
53765701
In base 15, what is 1888e - 1a3?
186db
In base 6, what is -3050551 + 224?
-3050323
In base 8, what is 2 - 2447612743?
-2447612741
In base 6, what is -5550532 - -205?
-5550323
In base 13, what is -33a37223 - -5?
-33a3721b
In base 14, what is 299 - 13673?
-133b8
In base 6, what is 5 + 1311201040?
1311201045
In base 14, what is 367 + 5209?
5572
In base 11, what is -8a6603 + -1?
-8a6604
In base 15, what is -a33 - 65d?
-1191
In base 3, what is -11120100212102 + -1110?
-11120100220212
In base 14, what is bc3d + 455?
c294
In base 14, what is -6c6797a + -1?
-6c6797b
In base 7, what is 4030 + 12346?
16406
In base 9, what is -4 - 66685701?
-66685705
In base 4, what is 112102 - 2002100123?
-2001322021
In base 4, what is -3112000012210 - 1?
-3112000012211
In base 15, what is 1b + 19be?
19da
In base 4, what is -1121200212 + -1213?
-1121202031
In base 4, what is 303 - 110211001212?
-110211000303
In base 6, what is -3111123 + 15450?
-3051233
In base 6, what is 20024 + 14145421?
14205445
In base 11, what is 0 + 4732738?
4732738
In base 10, what is -372122003 + 1?
-372122002
In base 8, what is -20313556 - 3?
-20313561
In base 13, what is 244638 + 71?
2446a9
In base 11, what is -1498 - -8?
-1490
In base 14, what is 22d978 - -d?
22d987
In base 10, what is -3 + 368655?
368652
In base 10, what is 2403 - 5768?
-3365
In base 16, what is 0 - 4bb2d5?
-4bb2d5
In base 10, what is 1409 - 248?
1161
In base 2, what is 1000100010010111001101101 + -1100?
1000100010010111001100001
In base 11, what is 386 - 10962?
-10587
In base 11, what is 0 - 82241738?
-82241738
In base 9, what is -2 - 5545572?
-5545574
In base 16, what is -a4c08c2 + -2?
-a4c08c4
In base 7, what is -1056 + 61462?
60403
In base 12, what is 86a + 2bb43?
307b1
In base 13, what is -10a139c + 0?
-10a139c
In base 9, what is -172 - -83171?
82888
In base 2, what is -10001 - 10101001011010110011?
-10101001011011000100
In base 10, what is -2049 - 45504?
-47553
In base 10, what is -272105 - 103?
-272208
In base 9, what is 13150 + 1343?
14503
In base 12, what is -49 - -8a?
41
In base 12, what is -4 + 6973809?
6973805
In base 3, what is 12101 - 1100010122?
-1022221021
In base 16, what is 3e + 9be68?
9bea6
In base 4, what is -3100231 - -30111?
-3010120
In base 4, what is 121013020 - 3303?
121003111
In base 15, what is 1c - -14b5ed?
14b61a
In base 11, what is -400049 - -16?
-400033
In base 14, what is 2b + 210914?
210941
In base 4, what is -2321 + 1021232?
1012311
In base 11, what is 94 + 230354?
230438
In base 16, what is 1 - 1344e36?
-1344e35
In base 6, what is 4513213 + -3003?
4510210
In base 6, what is 1220 + 315300?
320520
In base 5, what is 2111 - 24331102?
-24323441
In base 11, what is -3053611 - -4?
-3053608
In base 15, what is -9e298 + 25?
-9e273
In base 2, what is 100100 - -11001000100001010110000?
11001000100001011010100
In base 15, what is -5c2a + -c02?
-692c
In base 2, what is 1001010100011 + -1100110101?
111101101110
In base 14, what is 8620 + 1d6?
8816
In base 10, what is 27066 - 11588?
15478
In base 14, what is -2739c943 - -1?
-2739c942
In base 16, what is -30 + 184ad?
1847d
In base 10, what is 888 - -24764?
25652
In base 11, what is 11 + 3002a33?
3002a44
In base 8, what is 7 + 2151122?
2151131
In base 14, what is -5 - 16d5b3d4?
-16d5b3d9
In base 13, what is -384c - -5077?
1528
In base 6, what is 33534131 - -215?
33534350
In base 14, what is 369752 - 141?
369611
In base 12, what is -324 + -18a45b?
-18a783
In base 7, what is 523520 - 55?
523432
In base 16, what is 4 + -6f4e2d?
-6f4e29
In base 16, what is -55c - 41af?
-470b
In base 4, what is 2233303011233 + -12?
2233303011221
In base 6, what is -5 + -11003442?
-11003451
In base 5, what is 32342430042 - 22?
32342430020
In base 14, what is 29d30 + -a?
29d24
In base 